er when 240 is divided by 14.
2
Calculate the remainder when 346 is divided by 113.
7
What is the remainder when 293 is divided by 32?
5
What is the remainder when 496 is divided by 169?
158
What is the remainder when 13667 is divided by 4?
3
What is the remainder when 228 is divided by 14?
4
What is the remainder when 53 is divided by 49?
4
What is the remainder when 191 is divided by 47?
3
What is the remainder when 117 is divided by 19?
3
What is the remainder when 210 is divided by 38?
20
Calculate the remainder when 607 is divided by 36.
31
Calculate the remainder when 609 is divided by 106.
79
What is the remainder when 6467 is divided by 147?
146
What is the remainder when 343 is divided by 157?
29
Calculate the remainder when 11803 is divided by 227.
226
What is the remainder when 41 is divided by 22?
19
What is the remainder when 443 is divided by 264?
179
What is the remainder when 371 is divided by 94?
89
Calculate the remainder when 677 is divided by 41.
21
Calculate the remainder when 33 is divided by 2.
1
Calculate the remainder when 4676 is divided by 26.
22
What is the remainder when 1178 is divided by 386?
20
Calculate the remainder when 393 is divided by 370.
23
Calculate the remainder when 509 is divided by 31.
13
What is the remainder when 1092 is divided by 37?
19
Calculate the remainder when 107 is divided by 18.
17
What is the remainder when 797 is divided by 57?
56
Calculate the remainder when 268 is divided by 90.
88
What is the remainder when 438 is divided by 75?
63
What is the remainder when 64 is divided by 28?
8
What is the remainder when 3343 is divided by 8?
7
Calculate the remainder when 776 is divided by 3.
2
What is the remainder when 20 is divided by 11?
9
Calculate the remainder when 173 is divided by 26.
17
What is the remainder when 276 is divided by 5?
1
What is the remainder when 131 is divided by 57?
17
What is the remainder when 14 is divided by 6?
2
What is the remainder when 65 is divided by 12?
5
Calculate the remainder when 102 is divided by 4.
2
What is the remainder when 943 is divided by 21?
19
What is the remainder when 23 is divided by 8?
7
Calculate the remainder when 399 is divided by 40.
39
What is the remainder when 827 is divided by 206?
3
Calculate the remainder when 2253 is divided by 98.
97
What is the remainder when 2104 is divided by 38?
14
What is the remainder when 479 is divided by 60?
59
Calculate the remainder when 289 is divided by 104.
81
What is the remainder when 340 is divided by 287?
53
Calculate the remainder when 2506 is divided by 16.
10
What is the remainder when 405 is divided by 132?
9
What is the remainder when 76 is divided by 24?
4
Calculate the remainder when 204 is divided by 51.
0
What is the remainder when 160 is divided by 37?
12
What is the remainder when 8767 is divided by 258?
253
What is the remainder when 667 is divided by 258?
151
Calculate the remainder when 200 is divided by 53.
41
What is the remainder when 112 is divided by 29?
25
What is the remainder when 79 is divided by 14?
9
Calculate the remainder when 309 is divided by 41.
22
Calculate the remainder when 665 is divided by 114.
95
What is the remainder when 709 is divided by 71?
70
What is the remainder when 109 is divided by 30?
19
Calculate the remainder when 506 is divided by 127.
125
Calculate the remainder when 54 is divided by 21.
12
Calculate the remainder when 356 is divided by 71.
1
What is the remainder when 596 is divided by 124?
100
What is the remainder when 14535 is divided by 23?
22
What is the remainder when 211 is divided by 82?
47
What is the remainder when 286 is divided by 62?
38
Calculate the remainder when 118 is divided by 4.
2
Calculate the remainder when 15 is divided by 6.
3
What is the remainder when 15789 is divided by 6?
3
What is the remainder when 160 is divided by 76?
8
Calculate the remainder when 2272 is divided by 8.
0
Calculate the remainder when 817 is divided by 696.
121
Calculate the remainder when 181 is divided by 31.
26
What is the remainder when 91 is divided by 18?
1
What is the remainder when 257 is divided by 236?
21
Calculate the remainder when 413 is divided by 8.
5
Calculate the remainder when 2100 is divided by 111.
102
What is the remainder when 2502 is divided by 503?
490
Calculate the remainder when 6192 is divided by 200.
192
What is the remainder when 222 is divided by 49?
26
Calculate the remainder when 2174 is divided by 26.
16
What is the remainder when 1637 is divided by 26?
25
Calculate the remainder when 106 is divided by 9.
7
What is the remainder when 92 is divided by 3?
2
Calculate the remainder when 1702 is divided by 24.
22
What is the remainder when 5 is divided by 2?
1
Calculate the remainder when 254 is divided by 2.
0
Calculate the remainder when 223 is divided by 91.
41
What is the remainder when 94 is divided by 4?
2
What is the remainder when 6318 is divided by 20?
18
Calculate the remainder when 169 is divided by 18.
7
What is the remainder when 606 is divided by 54?
12
Calculate the remainder when 1439 is divided by 36.
35
What is the remainder when 137 is divided by 11?
5
What is the remainder when 521 is divided by 29?
28
Calculate the remainder when 71 is divided by 16.
7
Calculate the remainder when 209 is divided by 174.
35
What is the remainder when 1370 is divided by 98?
96
What is the remainder when 141 is divided by 21?
15
What is the remainder when 75 is divided by 33?
9
What is the remainder when 224 is divided by 51?
20
What is the remainder when 74 is divided by 36?
2
Calculate the remainder when 213 is divided by 43.
41
What is the remainder when 155 is divided by 71?
13
What is the remainder when 756 is divided by 373?
10
What is the remainder when 6062 is divided by 16?
14
What is the remainder when 34 is divided by 18?
16
Calculate the remainder when 389 is divided by 5.
4
Calculate the remainder when 339 is divided by 6.
3
What is the remainder when 497 is divided by 246?
5
What is the remainder when 341 is divided by 124?
93
Calculate the remainder when 36 is divided by 14.
8
Calculate the remainder when 496 is divided by 6.
4
Calculate the remainder when 38 is divided by 16.
6
Calculate the remainder when 2101 is divided by 5.
1
Calculate the remainder when 11037 is divided by 83.
81
What is the remainder when 28 is divided by 18?
10
What is the remainder when 454 is divided by 17?
12
Calculate the remainder when 6429 is divided by 174.
165
Calculate the remainder when 4499 is divided by 150.
149
What is the remainder when 2631 is divided by 120?
111
Calculate the remainder when 378 is divided by 125.
3
What is the remainder when 90 is divided by 42?
6
Calculate the remainder when 2414 is divided by 115.
114
Calculate the remainder when 153 is divided by 8.
1
Calculate the remainder when 301 is divided by 61.
57
What is the remainder when 182 is divided by 72?
38
What is the remainder when 2112 is divided by 45?
42
What is the remainder when 224 is divided by 75?
74
Calculate the remainder when 635 is divided by 165.
140
What is the remainder when 53 is divided by 17?
2
What is the remainder when 2390 is divided by 1175?
40
What is the remainder when 13432 is divided by 110?
12
What is the remainder when 154 is divided by 121?
33
Calculate the remainder when 460 is divided by 24.
4
Calculate the remainder when 104 is divided by 30.
14
Calculate the remainder when 5375 is divided by 1789.
8
What is the remainder when 785 is divided by 773?
12
Calculate the remainder when 47 is divided by 11.
3
Calculate the remainder when 75 is divided by 4.
3
Calculate the remainder when 206 is divided by 11.
8
Calculate the remainder when 141 is divided by 21.
15
Calculate the remainder when 822 is divided by 120.
102
Calculate the remainder when 133 is divided by 28.
21
Calculate the remainder when 562 is divided by 27.
22
Calculate the remainder when 135 is divided by 20.
15
Calculate the remainder when 377 is divided by 38.
35
Calculate the remainder when 23 is divided by 8.
7
What is the remainder when 50 is divided by 32?
18
Calculate the remainder when 816 is divided by 86.
42
Calculate the remainder when 3921 is divided by 560.
1
What is the remainder when 2969 is divided by 212?
1
Calculate the remaind